?
0
In base 6, what is -2 - -313?
311
In base 15, what is -2 - 7b?
-7d
In base 7, what is 16 + 1415?
1434
In base 12, what is -a + -b1?
-bb
In base 7, what is -2454 - 10?
-2464
In base 4, what is -11 + 113121?
113110
In base 12, what is 4a + -78?
-2a
In base 9, what is 1836 - 13?
1823
In base 8, what is 35015 - -2?
35017
In base 16, what is 365 - 3?
362
In base 15, what is -4 + -2b2?
-2b6
In base 12, what is -1 + -44?
-45
In base 8, what is 20130 + 1?
20131
In base 2, what is -11 - 10011?
-10110
In base 6, what is -11 - -151?
140
In base 9, what is 68 - 0?
68
In base 5, what is 1032433 - -3?
1032441
In base 4, what is -3 - 1010331?
-1011000
In base 12, what is -470 + -11?
-481
In base 16, what is -34 - 49?
-7d
In base 5, what is 3123 + -2?
3121
In base 2, what is 1001001101 - -101?
1001010010
In base 3, what is 10 - 2001?
-1221
In base 14, what is 5 + -113?
-10c
In base 12, what is -12 - -7?
-7
In base 7, what is -20 - 24?
-44
In base 15, what is -1 + 0?
-1
In base 10, what is 379 - 0?
379
In base 6, what is -5 + -11303?
-11312
In base 4, what is -30101 - 3?
-30110
In base 4, what is -2 + 121112?
121110
In base 7, what is -522 - 14?
-536
In base 4, what is -11 + 2030?
2013
In base 4, what is -11112 - 2?
-11120
In base 12, what is -16 + -15?
-2b
In base 15, what is -ce + 6?
-c8
In base 16, what is 4 - -f0?
f4
In base 4, what is 11 + 32023?
32100
In base 16, what is 4 + -dd?
-d9
In base 16, what is 4 - -7f?
83
In base 15, what is 86 + 2?
88
In base 7, what is 1 + -54?
-53
In base 2, what is -110 - -10011?
1101
In base 4, what is 132 + 1331?
2123
In base 12, what is -643 - -7?
-638
In base 4, what is 111 - -11?
122
In base 5, what is -10 - -121?
111
In base 10, what is 1 - 471?
-470
In base 5, what is 112323 - 4?
112314
In base 3, what is 211222 + -12?
211210
In base 14, what is -7b - 0?
-7b
In base 7, what is -5 - -1352?
1344
In base 4, what is 122 - 2130?
-2002
In base 2, what is -11011 - 10110111?
-11010010
In base 16, what is -83 + -1?
-84
In base 7, what is 14 - -256?
303
In base 13, what is -9c + -2c?
-cb
In base 6, what is 241 - -2?
243
In base 10, what is 7556 + 3?
7559
In base 6, what is -41 - -2?
-35
In base 5, what is -141 + 3?
-133
In base 6, what is -5332 - 0?
-5332
In base 3, what is -12 + 1012?
1000
In base 7, what is 55 - -2?
60
In base 6, what is -12253 + 1?
-12252
In base 15, what is 3 - -24?
27
In base 12, what is -104 + -4?
-108
In base 4, what is 1 - 220?
-213
In base 11, what is 1 + -805?
-804
In base 4, what is 30 + 23?
113
In base 9, what is -66 + 112?
35
In base 3, what is -1001110 - 102?
-1001212
In base 7, what is -6 + -5?
-14
In base 10, what is -1537 - -2?
-1535
In base 16, what is 198 - -6?
19e
In base 3, what is 2 - -1220?
1222
In base 15, what is 2 + -cd?
-cb
In base 8, what is 625 - 2?
623
In base 2, what is 1000 + 111?
1111
In base 9, what is -4176 + -3?
-4180
In base 12, what is -841 - -3?
-83a
In base 4, what is -3301 - 0?
-3301
In base 2, what is -10010111 - -10?
-10010101
In base 7, what is -342 + -206?
-551
In base 13, what is 82c - 9?
823
In base 9, what is -3 + -66?
-70
In base 8, what is 3 + 5270?
5273
In base 8, what is 1041 + -2?
1037
In base 2, what is 11000 + -1000?
10000
In base 7, what is -3 - -304?
301
In base 11, what is 122 - 0?
122
In base 12, what is 3896 - 1?
3895
In base 8, what is -303 - -5?
-276
In base 9, what is -3 + 847?
844
In base 7, what is 3 - -226?
232
In base 4, what is 10 + -31303?
-31233
In base 15, what is a - 3ae?
-3a4
In base 7, what is -10 - -20?
10
In base 11, what is -10 + 2?
-9
In base 5, what is -42 + 1002?
410
In base 6, what is 35453 - -4?
35501
In base 6, what is -3 - 24?
-31
In base 14, what is -53 - 87?
-da
In base 15, what is 44 - -8?
4c
In base 7, what is 42 + 64?
136
In base 11, what is -124a - 0?
-124a
In base 10, what is 25 + 10?
35
In base 16, what is -63 + 4?
-5f
In base 7, what is 16 - 645?
-626
In base 7, what is -1 + -10?
-11
In base 16, what is -ea - -54?
-96
In base 5, what is 31421 - -32?
32003
In base 9, what is -1881 - -5?
-1875
In base 6, what is -14 + 1013?
555
In base 6, what is 33 + 5?
42
In base 14, what is -46 + 3?
-43
In base 10, what is 5 + 13?
18
In base 7, what is -100255 - -1?
-100254
In base 16, what is 28 + d?
35
In base 12, what is -177 - -1?
-176
In base 10, what is 2474 + -1?
2473
In base 4, what is 1 - 20133?
-20132
In base 3, what is 0 - 1222?
-1222
In base 14, what is 5 + 5?
a
In base 16, what is -57 + -2?
-59
In base 14, what is -8a + 2?
-88
In base 7, what is -3324 + 5?
-3316
In base 15, what is -3 + -33?
-36
In base 7, what is -4 - 23?
-30
In base 5, what is -1 - 11?
-12
In base 7, what is 16533 - -4?
16540
In base 7, what is 6 - 235?
-226
In base 4, what is -1331 - -103?
-1222
In base 16, what is -7 - 5?
-c
In base 16, what is 145c - 1?
145b
In base 10, what is -4953 - 2?
-4955
In base 10, what is 3 - 62?
-59
In base 16, what is 1d3 + 4?
1d7
In base 12, what is 195 + -5?
190
In base 15, what is -3 + 1a?
17
In base 15, what is -9b + -3?
-9e
In base 5, what is -13 - 1443?
-2011
In base 12, what is 5 - 4?
1
In base 15, what is 12 + 17?
29
In base 8, what is -7 + -4?
-13
In base 8, what is -2333 + -4?
-2337
In base 5, what is 214420 - 2?
214413
In base 9, what is 708 + -3?
705
In base 3, what is -202020 + -11?
-202101
In base 13, what is 0 + -8a?
-8a
In base 2, what is 0 + -1001101101?
-1001101101
In base 15, what is 7 - -16?
1d
In base 7, what is -13260 - 1?
-13261
In base 3, what is -122 + 20021?
12122
In base 15, what is 184a - -5?
1850
In base 6, what is 3 - 450?
-443
In base 8, what is 5 + -122?
-115
In base 7, what is 35 + -135?
-100
In base 16, what is -6 + -9?
-f
In base 13, what is -2 - 5c?
-61
In base 4, what is -21 - -12111?
12030
In base 11, what is -3 + 84?
81
In base 4, what is -20303 - -1?
-20302
In base 11, what is -1793 - 4?
-1797
In base 5, what is -10 - 4003?
-4013
In base 13, what is 2b - -9?
37
In base 7, what is 556 + -3?
553
In base 15, what is -a + 30?
25
In base 15, what is 3b0 - e?
3a1
In base 15, what is -30 - -10?
-20
In base 13, what is -24c - -2?
-24a
In base 16, what is 0 + -de8?
-de8
In base 10, what is -208 - 5?
-213
In base 11, what is 184 - 31?
153
In base 6, what is 1031 - -5?
1040
In base 8, what is 271 + -5?
264
In base 8, what is 0 - 37?
-37
In base 9, what is -2 - 4?
-6
In base 10, what is 4 + 19?
23
In base 6, what is -301 + 4?
-253
In base 5, what is -2134 - 11?
-2200
In base 9, what is -25 + -25?
-51
In base 9, what is 33 + 0?
33
In base 10, what is 10 - 22?
-12
In base 4, what is 232 + -2301?
-2003
In base 10, what is 0 + -28?
-28
In base 16, what is 28 + -2?
26
In base 13, what is -25 - -2?
-23
In base 7, what is -112 + -1?
-113
In base 5, what is -314 + -402?
-1221
In base 14, what is -39 + 8?
-31
In base 5, what is -244 - -12?
-232
In base 7, what is 315 - 14?
301
In base 9, what is -12 + -3528?
-3541
In base 10, what is -57 + 7?
-50
In base 14, what is -1 - b83?
-b84
In base 8, what is -14 + -110?
-124
In base 13, what is -599 - -8?
-591
In base 16, what is 2f + 13?
42
In base 5, what is 1 + 143?
144
In base 8, what is -2 - -365?
363
In base 10, what is 0 - -1270?
1270
In base 16, what is -28c + 2?
-28a
In base 16, what is 63ea + -3?
63e7
In base 11, what is 0 - 336?
-336
In base 4, what is 13 + -3010?
-2331
In base 4, what is -200 - -11?
-123
In base 13, what is -943 + 9?
-937
In base 5, what is -3 - 1002?
-1010
In base 5, what is 12202 + -140?
12012
In base 5, what is -230 + 123?
-102
In base 4, what is -12020202 - 10?
-12020212
In base 9, what is -447 - 3?
-451
In base 11, what is -37 - 13?
-4a
In base 15, what is 202 + 10?
212
In base 15, what is 1 + -a5b?
-a5a
In base 10, what is -22 - 3?
-25
In base 4, what is 2120 + 10?
2130
In base 16, what is -379 - -c?
-36d
In base 15, what is 3 - 2a?
-27
In base 14, what is 5 + 1127?
112c
In base 11, what is -5 + -448?
-452
In base 6, what is 3 + 20?
23
In base 2, what is 10101101 + -101?
10101000
In base 15, what is -35 - 1e?
-54
In base 5, what is -3 - -2333?
2330
In base 12, what is 1 + -10?
-b
In base 4, what is -10 + 1120?
1110
In base 15, what is 91 - 3?
8d
In base 3, what is 0 - -1012020?
1012020
In base 15, what is 1 + -1a1?
-1a0
In base 2, what is -10100 + -1011?
-11111
In base 2, what is 110010 - 1100100?
-110010
In base 14, wh